{"id":2410,"date":"2024-10-30T16:35:25","date_gmt":"2024-10-30T21:35:25","guid":{"rendered":"https:\/\/dlcgroup.com.co\/?page_id=2410"},"modified":"2024-10-30T17:00:24","modified_gmt":"2024-10-30T22:00:24","slug":"2410-2","status":"publish","type":"page","link":"https:\/\/dlcgroup.com.co\/?page_id=2410","title":{"rendered":"POL\u00cdTICA DE RESPONSABILIDAD SOCIAL"},"content":{"rendered":"<p>[et_pb_section fb_built=&#8221;1&#8243; _builder_version=&#8221;4.20.4&#8243; _module_preset=&#8221;default&#8221; global_colors_info=&#8221;{}&#8221;][et_pb_row use_custom_gutter=&#8221;on&#8221; gutter_width=&#8221;1&#8243; make_equal=&#8221;on&#8221; _builder_version=&#8221;4.20.4&#8243; _module_preset=&#8221;default&#8221; width=&#8221;100%&#8221; max_width=&#8221;2209px&#8221; min_height=&#8221;140.6px&#8221; custom_padding=&#8221;||0px|||&#8221; global_colors_info=&#8221;{}&#8221;][et_pb_column type=&#8221;4_4&#8243; _builder_version=&#8221;4.20.4&#8243; _module_preset=&#8221;default&#8221; global_colors_info=&#8221;{}&#8221;][et_pb_gallery gallery_ids=&#8221;2147,1865,1946,1476&#8243; show_title_and_caption=&#8221;off&#8221; show_pagination=&#8221;off&#8221; _builder_version=&#8221;4.20.4&#8243; _module_preset=&#8221;default&#8221; custom_margin=&#8221;-216px|||||&#8221; global_colors_info=&#8221;{}&#8221;][\/et_pb_gallery][et_pb_divider divider_position=&#8221;center&#8221; divider_weight=&#8221;5px&#8221; _builder_version=&#8221;4.20.4&#8243; _module_preset=&#8221;default&#8221; width=&#8221;80%&#8221; module_alignment=&#8221;center&#8221; custom_margin=&#8221;30px||||false|false&#8221; global_colors_info=&#8221;{}&#8221;][\/et_pb_divider][\/et_pb_column][\/et_pb_row][et_pb_row _builder_version=&#8221;4.20.4&#8243; _module_preset=&#8221;default&#8221; global_colors_info=&#8221;{}&#8221;][et_pb_column type=&#8221;4_4&#8243; _builder_version=&#8221;4.20.4&#8243; _module_preset=&#8221;default&#8221; global_colors_info=&#8221;{}&#8221;][et_pb_text _builder_version=&#8221;4.20.4&#8243; _module_preset=&#8221;default&#8221; header_text_color=&#8221;#E95A0C&#8221; hover_enabled=&#8221;0&#8243; global_colors_info=&#8221;{}&#8221; sticky_enabled=&#8221;0&#8243; text_font=&#8221;Montserrat|500|||||||&#8221; link_option_url=&#8221;@ET-DC@eyJkeW5hbWljIjp0cnVlLCJjb250ZW50IjoiaG9tZV91cmwiLCJzZXR0aW5ncyI6e319@&#8221; _dynamic_attributes=&#8221;link_option_url&#8221;]<\/p>\n<h2 style=\"font-weight: 400;\"><strong>POL\u00cdTICA DE RESPONSABILIDAD SOCIAL<\/strong><\/h2>\n<p style=\"font-weight: 400;\"><strong>\u00a0<\/strong><\/p>\n<h3 style=\"font-weight: 400;\"><strong>CLIENTES Y CONTRAPARTES<\/strong>.<\/h3>\n<p style=\"font-weight: 400;\">La satisfacci\u00f3n de las necesidades de nuestros clientes es fundamental para la supervivencia. Por tanto, nuestro objetivo es lograr que usuarios y beneficiarios se encuentren siempre plenamente satisfechos y cautivados por nuestros productos, soluciones y servicios. Ofrecemos servicios de alta calidad, garantizando las mejores pr\u00e1cticas en el comercio internacional, mejorando el compromiso por una gesti\u00f3n adecuada incluyendo la seguridad en la cadena de suministro.<\/p>\n<p style=\"font-weight: 400;\"><strong>\u00a0<\/strong><\/p>\n<h3 style=\"font-weight: 400;\"><strong>COLABORADORES.<\/strong><\/h3>\n<p style=\"font-weight: 400;\">Nuestras relaciones con los colaboradores se basan en un permanente respeto \u2013uno de nuestros valores y principios\u2013 y en atenci\u00f3n a la persona humana, la confianza mutua y el respeto de los Derechos Humanos. Comprometidos con el desarrollo de sus colaboradores, el equilibrio y la calidad de vida y con proponer un ambiente saludable, seguro y con bienestar. Para ello, har\u00e1 que el ambiente de trabajo:<\/p>\n<p style=\"font-weight: 400;\"><strong>\u00a0<\/strong><\/p>\n<ul style=\"font-weight: 400;\">\n<li>Sea limpio, seguro y saludable<\/li>\n<li>Est\u00e9 libre de discriminaci\u00f3n o acoso, por causa de la edad, raza, sexo, estado civil, condici\u00f3n f\u00edsica, orientaci\u00f3n sexual, religi\u00f3n, nacionalidad, lengua, filiaci\u00f3n pol\u00edtica o cualquier otra condici\u00f3n<\/li>\n<li>Sea estimulante para la efectividad y satisfacci\u00f3n de los colaboradores previniendo cualquier tipo de acoso laboral de acuerdo a las funciones del personal, todo enmarcado en un contrato laboral regido por la normatividad vigente, control de las jornadas de trabajo y evitando el trabajo forzoso de tal forma que sea justo con todo el personal.<\/li>\n<li>Prohibici\u00f3n del trabajo infantil si el cumplimiento de los permisos requeridos por las autoridades competentes.<\/li>\n<li>Impulsar e incrementar el nivel educacional de los colaboradores, proporcion\u00e1ndoles las condiciones necesarias, ya sea de financiamiento o flexibilidad horaria.<\/li>\n<\/ul>\n<p style=\"font-weight: 400;\"><strong>\u00a0<\/strong><\/p>\n<h3 style=\"font-weight: 400;\"><strong>PROVEEDORES.<\/strong><\/h3>\n<p style=\"font-weight: 400;\">Encaminados a lograr una alianza y al crecimiento de los aliados estrat\u00e9gicos, promoviendo la compra han de basarse en criterios de confiabilidad, eficiencia, calidad, servicio y costo, buscando relaciones equitativas de mutuo beneficio a largo plazo. Desarrollar relaciones equitativas de beneficio mutuo, a largo plazo, con nuestros proveedores y contratistas, mediante la aplicaci\u00f3n de pr\u00e1cticas justas, basadas en criterios de calidad, servicio y precio, y el fomento de pr\u00e1cticas de responsabilidad social empresarial.<\/p>\n<p style=\"font-weight: 400;\">\n<h3 style=\"font-weight: 400;\"><strong>COMPETENCIA.<\/strong><\/h3>\n<p style=\"font-weight: 400;\">En la generaci\u00f3n de la conveniencia social de una competencia sana. En la cual las condiciones sean equitativas ante todos los involucrados en el comercio internacional asegurando la transparencia y el comportamiento \u00e9tico<\/p>\n<p style=\"font-weight: 400;\">\n<h3 style=\"font-weight: 400;\"><strong>EL ESTADO.<\/strong><\/h3>\n<p style=\"font-weight: 400;\">Con el respeto de la normatividad y autoridades reconocidas en Colombia, y a\u00fan en los pa\u00edses donde desarrolla y desarrolle a futuro actividades, y aplicar\u00e1 correctamente sus leyes y normas.<\/p>\n<p style=\"font-weight: 400;\">Es deber de los colaboradores prestar la oportuna cooperaci\u00f3n a las autoridades, espec\u00edficamente con la obligaci\u00f3n legal de suministrar la informaci\u00f3n disponible para facilitar las indagaciones e investigaciones que \u00e9stas adelanten. Todos los requerimientos de las autoridades competentes deben atenderlas de manera oportuna las \u00e1reas a las que les corresponda. Mantener organizada la documentaci\u00f3n que soporta las transacciones y preservar la informaci\u00f3n constituyen los mecanismos b\u00e1sicos de control, seguimiento y prevenci\u00f3n<\/p>\n<p style=\"font-weight: 400;\"><strong>\u00a0<\/strong><\/p>\n<h3 style=\"font-weight: 400;\"><strong>LA SOCIEDAD.<\/strong><\/h3>\n<p style=\"font-weight: 400;\">Se cuenta con el compromiso que tiene con la sociedad de contribuir, en todo lo posible, a su desarrollo econ\u00f3mico y social al progresar en forma previsiva y ordenada, continuar\u00e1 contribuyendo al desarrollo del medio social y al de las comunidades, a las que sirve participando asuntos gremiales, sectoriales y regionales que tengan por objeto la promoci\u00f3n, sensibilizaci\u00f3n y concientizaci\u00f3n de la aplicaci\u00f3n de los Derechos Humanos en la vida diaria.<\/p>\n<p style=\"font-weight: 400;\">\n<h3 style=\"font-weight: 400;\"><strong><\/strong><\/h3>\n<h3 style=\"font-weight: 400;\"><strong>EL MEDIO AMBIENTE<\/strong><\/h3>\n<p style=\"font-weight: 400;\">Mediante la gesti\u00f3n y la ejecuci\u00f3n de sus actividades con la protecci\u00f3n del medio ambiente. Buscamos la administraci\u00f3n del impacto ambiental y la responsabilidad ante las generaciones futuras por medio de pr\u00e1cticas encaminadas a la preservaci\u00f3n del entorno. Entre \u00e9stas se encuentran las siguientes:<\/p>\n<p style=\"font-weight: 400;\"><strong>\u00a0<\/strong><\/p>\n<ul style=\"font-weight: 400;\">\n<li>Cuidado de los recursos naturales y el h\u00e1bitat que nos rodea.<\/li>\n<li>Optimizar el uso de los servicios p\u00fablicos con pr\u00e1cticas de buen consumo.<\/li>\n<li>Reducci\u00f3n del consumo de papel, incluyendo herramientas de software para la comunicaci\u00f3n interna.<\/li>\n<li>Creaci\u00f3n de la cultura del reciclaje, mediante campa\u00f1as y pol\u00edticas de uso racional de los recursos que eviten el derroche y minimicen los problemas de basura e impacto ambiental. Los beneficios que las pr\u00e1cticas de RSE tienen para el medio ambiente son la toma de conciencia de los impactos ambientales y la reducci\u00f3n de los niveles de contaminaci\u00f3n.<\/li>\n<\/ul>\n<p>[\/et_pb_text][et_pb_button button_text=&#8221; &#8221; button_alignment=&#8221;center&#8221; _builder_version=&#8221;4.20.4&#8243; _module_preset=&#8221;default&#8221; custom_button=&#8221;on&#8221; button_text_size=&#8221;44px&#8221; button_text_color=&#8221;#E95A0C&#8221; button_border_width=&#8221;0px&#8221; button_border_radius=&#8221;0px&#8221; button_letter_spacing=&#8221;0px&#8221; button_icon=&#8221;&#x23;||divi||400&#8243; button_on_hover=&#8221;off&#8221; hover_enabled=&#8221;0&#8243; global_colors_info=&#8221;{}&#8221; animation_style=&#8221;fade&#8221; animation_duration=&#8221;1150ms&#8221; button_url=&#8221;@ET-DC@eyJkeW5hbWljIjp0cnVlLCJjb250ZW50IjoiaG9tZV91cmwiLCJzZXR0aW5ncyI6e319@&#8221; _dynamic_attributes=&#8221;button_url&#8221; sticky_enabled=&#8221;0&#8243;][\/et_pb_button][\/et_pb_column][\/et_pb_row][\/et_pb_section]<\/p>\n","protected":false},"excerpt":{"rendered":"<p>POL\u00cdTICA DE RESPONSABILIDAD SOCIAL \u00a0 CLIENTES Y CONTRAPARTES. La satisfacci\u00f3n de las necesidades de nuestros clientes es fundamental para la supervivencia. Por tanto, nuestro objetivo es lograr que usuarios y beneficiarios se encuentren siempre plenamente satisfechos y cautivados por nuestros productos, soluciones y servicios. Ofrecemos servicios de alta calidad, garantizando las mejores pr\u00e1cticas en el [&hellip;]<\/p>\n","protected":false},"author":1,"featured_media":0,"parent":0,"menu_order":0,"comment_status":"closed","ping_status":"closed","template":"page-template-blank.php","meta":{"_et_pb_use_builder":"on","_et_pb_old_content":"","_et_gb_content_width":"","footnotes":""},"class_list":["post-2410","page","type-page","status-publish","hentry"],"yoast_head":"<!-- This site is optimized with the Yoast SEO plugin v27.3 - https:\/\/yoast.com\/product\/yoast-seo-wordpress\/ -->\n<title>POL\u00cdTICA DE RESPONSABILIDAD SOCIAL - Dynamic logistics company<\/title>\n<meta name=\"description\" content=\"Nuestra politica de responsabilidad social, La satisfacci\u00f3n de las necesidades de nuestros clientes es fundamental para la supervivencia\" \/>\n<meta name=\"robots\" content=\"index, follow, max-snippet:-1, max-image-preview:large, max-video-preview:-1\" \/>\n<link rel=\"canonical\" href=\"https:\/\/dlcgroup.com.co\/?page_id=2410\" \/>\n<meta property=\"og:locale\" content=\"es_MX\" \/>\n<meta property=\"og:type\" content=\"article\" \/>\n<meta property=\"og:title\" content=\"POL\u00cdTICA DE RESPONSABILIDAD SOCIAL - Dynamic logistics company\" \/>\n<meta property=\"og:description\" content=\"Nuestra politica de responsabilidad social, La satisfacci\u00f3n de las necesidades de nuestros clientes es fundamental para la supervivencia\" \/>\n<meta property=\"og:url\" content=\"https:\/\/dlcgroup.com.co\/?page_id=2410\" \/>\n<meta property=\"og:site_name\" content=\"Dynamic logistics company\" \/>\n<meta property=\"article:modified_time\" content=\"2024-10-30T22:00:24+00:00\" \/>\n<meta name=\"twitter:card\" content=\"summary_large_image\" \/>\n<meta name=\"twitter:label1\" content=\"Tiempo de lectura\" \/>\n\t<meta name=\"twitter:data1\" content=\"4 minutos\" \/>\n<script type=\"application\/ld+json\" class=\"yoast-schema-graph\">{\"@context\":\"https:\\\/\\\/schema.org\",\"@graph\":[{\"@type\":\"WebPage\",\"@id\":\"https:\\\/\\\/dlcgroup.com.co\\\/?page_id=2410\",\"url\":\"https:\\\/\\\/dlcgroup.com.co\\\/?page_id=2410\",\"name\":\"POL\u00cdTICA DE RESPONSABILIDAD SOCIAL - Dynamic logistics company\",\"isPartOf\":{\"@id\":\"https:\\\/\\\/dlcgroup.com.co\\\/#website\"},\"datePublished\":\"2024-10-30T21:35:25+00:00\",\"dateModified\":\"2024-10-30T22:00:24+00:00\",\"description\":\"Nuestra politica de responsabilidad social, La satisfacci\u00f3n de las necesidades de nuestros clientes es fundamental para la supervivencia\",\"breadcrumb\":{\"@id\":\"https:\\\/\\\/dlcgroup.com.co\\\/?page_id=2410#breadcrumb\"},\"inLanguage\":\"es\",\"potentialAction\":[{\"@type\":\"ReadAction\",\"target\":[\"https:\\\/\\\/dlcgroup.com.co\\\/?page_id=2410\"]}]},{\"@type\":\"BreadcrumbList\",\"@id\":\"https:\\\/\\\/dlcgroup.com.co\\\/?page_id=2410#breadcrumb\",\"itemListElement\":[{\"@type\":\"ListItem\",\"position\":1,\"name\":\"Inicio\",\"item\":\"https:\\\/\\\/dlcgroup.com.co\\\/\"},{\"@type\":\"ListItem\",\"position\":2,\"name\":\"POL\u00cdTICA DE RESPONSABILIDAD SOCIAL\"}]},{\"@type\":\"WebSite\",\"@id\":\"https:\\\/\\\/dlcgroup.com.co\\\/#website\",\"url\":\"https:\\\/\\\/dlcgroup.com.co\\\/\",\"name\":\"Dynamic logistics company\",\"description\":\"Soluciones din\u00e1micas de logistica\",\"potentialAction\":[{\"@type\":\"SearchAction\",\"target\":{\"@type\":\"EntryPoint\",\"urlTemplate\":\"https:\\\/\\\/dlcgroup.com.co\\\/?s={search_term_string}\"},\"query-input\":{\"@type\":\"PropertyValueSpecification\",\"valueRequired\":true,\"valueName\":\"search_term_string\"}}],\"inLanguage\":\"es\"}]}<\/script>\n<!-- \/ Yoast SEO plugin. -->","yoast_head_json":{"title":"POL\u00cdTICA DE RESPONSABILIDAD SOCIAL - Dynamic logistics company","description":"Nuestra politica de responsabilidad social, La satisfacci\u00f3n de las necesidades de nuestros clientes es fundamental para la supervivencia","robots":{"index":"index","follow":"follow","max-snippet":"max-snippet:-1","max-image-preview":"max-image-preview:large","max-video-preview":"max-video-preview:-1"},"canonical":"https:\/\/dlcgroup.com.co\/?page_id=2410","og_locale":"es_MX","og_type":"article","og_title":"POL\u00cdTICA DE RESPONSABILIDAD SOCIAL - Dynamic logistics company","og_description":"Nuestra politica de responsabilidad social, La satisfacci\u00f3n de las necesidades de nuestros clientes es fundamental para la supervivencia","og_url":"https:\/\/dlcgroup.com.co\/?page_id=2410","og_site_name":"Dynamic logistics company","article_modified_time":"2024-10-30T22:00:24+00:00","twitter_card":"summary_large_image","twitter_misc":{"Tiempo de lectura":"4 minutos"},"schema":{"@context":"https:\/\/schema.org","@graph":[{"@type":"WebPage","@id":"https:\/\/dlcgroup.com.co\/?page_id=2410","url":"https:\/\/dlcgroup.com.co\/?page_id=2410","name":"POL\u00cdTICA DE RESPONSABILIDAD SOCIAL - Dynamic logistics company","isPartOf":{"@id":"https:\/\/dlcgroup.com.co\/#website"},"datePublished":"2024-10-30T21:35:25+00:00","dateModified":"2024-10-30T22:00:24+00:00","description":"Nuestra politica de responsabilidad social, La satisfacci\u00f3n de las necesidades de nuestros clientes es fundamental para la supervivencia","breadcrumb":{"@id":"https:\/\/dlcgroup.com.co\/?page_id=2410#breadcrumb"},"inLanguage":"es","potentialAction":[{"@type":"ReadAction","target":["https:\/\/dlcgroup.com.co\/?page_id=2410"]}]},{"@type":"BreadcrumbList","@id":"https:\/\/dlcgroup.com.co\/?page_id=2410#breadcrumb","itemListElement":[{"@type":"ListItem","position":1,"name":"Inicio","item":"https:\/\/dlcgroup.com.co\/"},{"@type":"ListItem","position":2,"name":"POL\u00cdTICA DE RESPONSABILIDAD SOCIAL"}]},{"@type":"WebSite","@id":"https:\/\/dlcgroup.com.co\/#website","url":"https:\/\/dlcgroup.com.co\/","name":"Dynamic logistics company","description":"Soluciones din\u00e1micas de logistica","potentialAction":[{"@type":"SearchAction","target":{"@type":"EntryPoint","urlTemplate":"https:\/\/dlcgroup.com.co\/?s={search_term_string}"},"query-input":{"@type":"PropertyValueSpecification","valueRequired":true,"valueName":"search_term_string"}}],"inLanguage":"es"}]}},"_links":{"self":[{"href":"https:\/\/dlcgroup.com.co\/index.php?rest_route=\/wp\/v2\/pages\/2410","targetHints":{"allow":["GET"]}}],"collection":[{"href":"https:\/\/dlcgroup.com.co\/index.php?rest_route=\/wp\/v2\/pages"}],"about":[{"href":"https:\/\/dlcgroup.com.co\/index.php?rest_route=\/wp\/v2\/types\/page"}],"author":[{"embeddable":true,"href":"https:\/\/dlcgroup.com.co\/index.php?rest_route=\/wp\/v2\/users\/1"}],"replies":[{"embeddable":true,"href":"https:\/\/dlcgroup.com.co\/index.php?rest_route=%2Fwp%2Fv2%2Fcomments&post=2410"}],"version-history":[{"count":9,"href":"https:\/\/dlcgroup.com.co\/index.php?rest_route=\/wp\/v2\/pages\/2410\/revisions"}],"predecessor-version":[{"id":2422,"href":"https:\/\/dlcgroup.com.co\/index.php?rest_route=\/wp\/v2\/pages\/2410\/revisions\/2422"}],"wp:attachment":[{"href":"https:\/\/dlcgroup.com.co\/index.php?rest_route=%2Fwp%2Fv2%2Fmedia&parent=2410"}],"curies":[{"name":"wp","href":"https:\/\/api.w.org\/{rel}","templated":true}]}}